False
Is 5735747 a prime number?
True
Is 505331 composite?
True
Is 15338693 a prime number?
True
Is 3821231 composite?
False
Is 39602959 a prime number?
False
Is 14977063 a composite number?
False
Is 5839829 a composite number?
False
Is 506609 a prime number?
True
Is 40507 a prime number?
True
Is 14341433 a prime number?
True
Is 38023243 prime?
False
Is 3204691 a prime number?
False
Is 93373621 a prime number?
False
Is 120580903 composite?
False
Is 729173 a prime number?
True
Is 28610951 composite?
False
Is 1880257 composite?
False
Is 9021161 a composite number?
False
Is 109488689 composite?
False
Is 1896407 a composite number?
False
Is 12706207 prime?
False
Is 13468537 a prime number?
True
Is 2646463 a prime number?
True
Is 6515269 a composite number?
True
Is 108661979 prime?
False
Is 23059109 a prime number?
True
Is 167191747 a composite number?
False
Is 157212313 a prime number?
True
Is 10061291 prime?
True
Is 9057635 a composite number?
True
Is 41472437 composite?
False
Is 23925977 prime?
True
Is 6342423 a composite number?
True
Is 3306893 prime?
False
Is 25495111 prime?
True
Is 193573 prime?
True
Is 38953 a prime number?
True
Is 15431863 prime?
False
Is 642014 a composite number?
True
Is 106321471 a prime number?
False
Is 8343817 composite?
True
Is 378627659 a prime number?
True
Is 4509815 a prime number?
False
Is 4170953 a prime number?
True
Is 82993 prime?
False
Is 92959639 composite?
False
Is 845042009 composite?
True
Is 9294029 a composite number?
True
Is 121783429 a prime number?
False
Is 188683771 a composite number?
False
Is 10996393 a prime number?
True
Is 8074673 prime?
False
Is 43382321 a composite number?
True
Is 2981731 prime?
False
Is 1901821 composite?
True
Is 143334629 a prime number?
True
Is 3557013 a composite number?
True
Is 46431533 a composite number?
False
Is 1313443 composite?
False
Is 30487813 prime?
True
Is 5427449 a prime number?
False
Is 460589 a composite number?
False
Is 49598719 a composite number?
True
Is 10385773 composite?
False
Is 6215917 composite?
False
Is 13690687 composite?
False
Is 28626341 composite?
False
Is 74260993 a prime number?
True
Is 18081143 a prime number?
False
Is 119951809 composite?
False
Is 9082811 a composite number?
True
Is 37297757 a composite number?
True
Is 14743697 a prime number?
True
Is 81640513 a composite number?
True
Is 10632619 composite?
False
Is 297049 composite?
False
Is 17009403 a prime number?
False
Is 519067 a composite number?
False
Is 189143 composite?
True
Is 7851427 prime?
False
Is 910837 prime?
False
Is 313221983 a prime number?
False
Is 158293 prime?
True
Is 27367721 a prime number?
True
Is 2129647 a composite number?
True
Is 15853667 composite?
True
Is 2609741 a prime number?
False
Is 470333 a composite number?
False
Is 42043 prime?
True
Is 1453667999 prime?
False
Is 29733367 prime?
False
Is 54273913 prime?
False
Is 4473959 prime?
False
Is 198229021 composite?
False
Is 817693 a composite number?
True
Is 547951 a prime number?
True
Is 142576723 composite?
False
Is 13119233 composite?
False
Is 12777173 a prime number?
False
Is 140314913 a composite number?
False
Is 12699307 a composite number?
False
Is 888721 a prime number?
True
Is 274247 a composite number?
True
Is 19383631 a composite number?
False
Is 4572329 a prime number?
False
Is 2182889 a composite number?
True
Is 1395499 a composite number?
True
Is 45073531 composite?
False
Is 6535499 composite?
True
Is 111091 a prime number?
True
Is 4251239 composite?
False
Is 145554337 composite?
True
Is 955109 composite?
True
Is 30486643 a composite number?
True
Is 478790957 composite?
True
Is 4630537 a prime number?
False
Is 1222742917 a prime number?
False
Is 2213777 composite?
True
Is 126096889 prime?
True
Is 130187771 prime?
False
Is 1203607 prime?
True
Is 29352049 a prime number?
True
Is 5401603 a composite number?
False
Is 1383050813 prime?
True
Is 39978391 a prime number?
True
Is 1935821 composite?
True
Is 12100211 composite?
False
Is 21354481 a composite number?
True
Is 23578823 composite?
False
Is 7183619 a composite number?
True
Is 23428751 a composite number?
False
Is 3448561 a composite number?
False
Is 4108873 a prime number?
True
Is 131052787 prime?
False
Is 2430347 prime?
False
Is 8364478 composite?
True
Is 6899251 a composite number?
False
Is 83717 prime?
True
Is 6371537 composite?
False
Is 33296359 a prime number?
True
Is 3231397 composite?
True
Is 77128889 composite?
False
Is 20820377 composite?
True
Is 23144411 a prime number?
False
Is 12232711 a composite number?
True
Is 9913469 composite?
False
Is 1089269 a composite number?
True
Is 129715511 a prime number?
True
Is 1470797 composite?
False
Is 20542397 prime?
True
Is 70817941 a composite number?
True
Is 6667127 composite?
False
Is 57320467 a prime number?
True
Is 17861671 a prime number?
True
Is 31949111 a prime number?
True
Is 2272013 prime?
True
Is 10969121 a composite number?
False
Is 3196763 a composite number?
True
Is 76819 a prime number?
True
Is 8152961 composite?
False
Is 1013627 prime?
True
Is 152833 a composite number?
False
Is 74053631 a prime number?
True
Is 8657291 prime?
True
Is 2912071 a composite number?
True
Is 109937483 a composite number?
True
Is 2030833 a composite number?
True
Is 1822181 a prime number?
True
Is 158297 composite?
True
Is 12039221 prime?
True
Is 1022407 composite?
True
Is 4946189 a composite number?
False
Is 611508589 a prime number?
False
Is 3875793 a prime number?
False
Is 7539253 a composite number?
False
Is 12613291 prime?
True
Is 888313 a prime number?
True
Is 78709063 composite?
True
Is 4897891 a composite number?
False
Is 6364117 a prime number?
True
Is 32170747 composite?
True
Is 7850261 composite?
False
Is 82149407 a composite number?
True
Is 10016623 a composite number?
False
Is 1413773 composite?
False
Is 1319177 composite?
True
Is 34884523 a prime number?
False
Is 10046555 a composite number?
True
Is 32067599 composite?
True
Is 251434477 a composite number?
True
Is 5559347 a prime number?
True
Is 51346745 a prime number?
False
Is 41103157 a prime number?
True
Is 3399263 a prime number?
False
Is 78091733 a composite number?
True
Is 93385651 composite?
False
Is 96249745 composite?
True
Is 191213591 composite?
True
Is 174803 prime?
False
Is 18380501 a prime number?
False
Is 321509 a prime number?
True
Is 14569517 a prime number?
True
Is 26712691 composite?
False
Is 5422817 composite?
False
Is 5528737 composite?
False
Is 39785371 a prime number?
False
Is 17025847 prime?
True
Is 27093727 prime?
True
Is 4087829 prime?
True
Is 28458847 composite?
False
Is 17998579 prime?
True
Is 156381091 composite?
False
Is 40082423 prime?
True
Is 19555181 a composite number?
False
Is 226992347 a composite number?
True
Is 4921181 prime?
True
Is 100414351 composite?
False
Is 1239619 prime?
True
Is 7195609 a prime number?
False
Is 28012757 a prime number?
True
Is 7879979 a composite number?
False
Is 63633251 a composite number?
True
Is 64192147 prime?
True
Is 3162295 prime?
False
Is 1443679 prime?
True
Is 75237049 a composite number?
True
Is 39265 composite?
True
Is 8182501 a composite number?
True
Is 753199 a composite number?
True
Is 4920749 composite?
True
Is 4150205 composite?
True
Is 3260167 composite?
False
Is 19603411 composite?
False
Is 13141231 a prime number?
True
Is 3140100257 a prime number?
False
Is 20565799 a prime number?
True
Is 20492177 a composite number?
True
Is 190429 prime?
False
Is 23850269 a prime number?
False
Is 7165657 a prime number?
False
Is 13041631 prime?
True
Is 3051203 composite?
True
Is 691267 composite?
False
Is 44769739 a composite number?
True
Is 41491381 a composite number?
False
Is 776094797 a composite number?
True
Is 275617 composite?
True
Is 37818899 a composite number?
False
Is 58340803 composite?
True
Is 331993039 a prime number?
False
Is 9896123 a composite number?
False
Is 22451549 prime?
False
Is 77502763 a composite number?
True
Is 989437 composite?
True
Is 2681417 a composite number?
False
Is 6301887 composite?
True
Is 88720711 a composite number?
False
Is 38683781 a composite number?
False
Is 409266149 a composite number?
False
Is 5883827 prime?
True
Is 1133377 prime?
False
Is 1230223 a prime number?
True
Is 3918127 prime?
True
Is 1729547 composite?
True
Is 38499647 a comp